{"id":1016,"date":"2019-12-03T13:16:50","date_gmt":"2019-12-03T18:16:50","guid":{"rendered":"http:\/\/altosentido.net\/pruebas\/fonvalle2019\/?page_id=1016"},"modified":"2025-10-30T19:49:31","modified_gmt":"2025-10-31T00:49:31","slug":"quien-puede-asociarse","status":"publish","type":"page","link":"https:\/\/fonvalle.com.co\/portal\/quien-puede-asociarse\/","title":{"rendered":"\u00bfQui\u00e9n puede asociarse?"},"content":{"rendered":"\t\t<div data-elementor-type=\"wp-page\" data-elementor-id=\"1016\" class=\"elementor elementor-1016\" data-elementor-post-type=\"page\">\n\t\t\t\t<div class=\"elementor-element elementor-element-2928cdb e-flex e-con-boxed e-con e-parent\" data-id=\"2928cdb\" data-element_type=\"container\" data-e-type=\"container\" data-settings=\"{&quot;_ha_eqh_enable&quot;:false}\">\n\t\t\t\t\t<div class=\"e-con-inner\">\n\t\t<div class=\"elementor-element elementor-element-ce693fa e-con-full e-flex e-con e-child\" data-id=\"ce693fa\" data-element_type=\"container\" data-e-type=\"container\" data-settings=\"{&quot;_ha_eqh_enable&quot;:false}\">\n\t\t\t\t<div class=\"elementor-element elementor-element-4cbc375 elementor-widget elementor-widget-heading\" data-id=\"4cbc375\" data-element_type=\"widget\" data-e-type=\"widget\" data-widget_type=\"heading.default\">\n\t\t\t\t\t<div class=\"elementor-heading-title elementor-size-default\">Para ser asociado de <b class=\"txt-vino\">Fonvalle<\/b>, se requiere: <\/div>\t\t\t\t<\/div>\n\t\t\t\t<\/div>\n\t\t\t\t\t<\/div>\n\t\t\t\t<\/div>\n\t\t<div class=\"elementor-element elementor-element-8f4afc1 e-flex e-con-boxed e-con e-parent\" data-id=\"8f4afc1\" data-element_type=\"container\" data-e-type=\"container\" data-settings=\"{&quot;background_background&quot;:&quot;classic&quot;,&quot;_ha_eqh_enable&quot;:false}\">\n\t\t\t\t\t<div class=\"e-con-inner\">\n\t\t<div class=\"elementor-element elementor-element-15863bf e-con-full e-flex e-con e-child\" data-id=\"15863bf\" data-element_type=\"container\" data-e-type=\"container\" data-settings=\"{&quot;_ha_eqh_enable&quot;:false}\">\n\t\t<div class=\"elementor-element elementor-element-bc965f9 e-con-full e-flex e-con e-child\" data-id=\"bc965f9\" data-element_type=\"container\" data-e-type=\"container\" data-settings=\"{&quot;_ha_eqh_enable&quot;:false}\">\n\t\t\t\t<div class=\"elementor-element elementor-element-171908a elementor-widget elementor-widget-text-editor\" data-id=\"171908a\" data-element_type=\"widget\" data-e-type=\"widget\" data-widget_type=\"text-editor.default\">\n\t\t\t\t\t\t\t\t\t<ol start=\"1\"><li>Ser persona natural<\/li><li>Presentar\u00a0 solicitud por escrito a la Junta Directiva con la informaci\u00f3n que \u00e9sta solicite.<\/li><li>Comprometerse a cancelar los aportes y a efectuar los ahorros que el Estatuto y los reglamentos determinen.<\/li><li>Haber participado en el proceso de inducci\u00f3n que ofrece FONVALLE para los aspirantes a ser asociados y comprometerse a cumplir el Estatuto de FONVALLE.<\/li><li>Demostrar que tiene un ingreso laboral o pensional en la Universidad del Valle igual o superior a un (1) salario m\u00ednimo mensual legale vigente (SMMLV).<\/li><li>Certificar una de las siguientes cualidades:<\/li><\/ol>\t\t\t\t\t\t\t\t<\/div>\n\t\t\t\t<\/div>\n\t\t<div class=\"elementor-element elementor-element-598225e e-con-full e-flex e-con e-child\" data-id=\"598225e\" data-element_type=\"container\" data-e-type=\"container\" data-settings=\"{&quot;_ha_eqh_enable&quot;:false}\">\n\t\t\t\t<div class=\"elementor-element elementor-element-c733ff2 elementor-widget elementor-widget-image\" data-id=\"c733ff2\" data-element_type=\"widget\" data-e-type=\"widget\" data-widget_type=\"image.default\">\n\t\t\t\t\t\t\t\t\t\t\t\t\t\t\t<img fetchpriority=\"high\" decoding=\"async\" width=\"768\" height=\"512\" src=\"https:\/\/fonvalle.com.co\/portal\/wp-content\/uploads\/2019\/12\/img-asociarse1.jpg\" class=\"attachment-large size-large wp-image-1020\" alt=\"\" srcset=\"https:\/\/fonvalle.com.co\/portal\/wp-content\/uploads\/2019\/12\/img-asociarse1.jpg 768w, https:\/\/fonvalle.com.co\/portal\/wp-content\/uploads\/2019\/12\/img-asociarse1-300x200.jpg 300w, https:\/\/fonvalle.com.co\/portal\/wp-content\/uploads\/2019\/12\/img-asociarse1-219x146.jpg 219w, https:\/\/fonvalle.com.co\/portal\/wp-content\/uploads\/2019\/12\/img-asociarse1-50x33.jpg 50w, https:\/\/fonvalle.com.co\/portal\/wp-content\/uploads\/2019\/12\/img-asociarse1-113x75.jpg 113w\" sizes=\"(max-width: 768px) 100vw, 768px\" \/>\t\t\t\t\t\t\t\t\t\t\t\t\t\t\t<\/div>\n\t\t\t\t<\/div>\n\t\t\t\t<\/div>\n\t\t<div class=\"elementor-element elementor-element-09f2d12 e-con-full e-flex e-con e-child\" data-id=\"09f2d12\" data-element_type=\"container\" data-e-type=\"container\" data-settings=\"{&quot;_ha_eqh_enable&quot;:false}\">\n\t\t\t\t<div class=\"elementor-element elementor-element-efa6478 elementor-widget elementor-widget-text-editor\" data-id=\"efa6478\" data-element_type=\"widget\" data-e-type=\"widget\" data-widget_type=\"text-editor.default\">\n\t\t\t\t\t\t\t\t\t<ul><li>Estar vinculado laboralmente a la Universidad del Valle como docente por nombramiento.<\/li><li>Estar vinculado laboralmente a la Universidad del Valle por contrato como docente o investigador.<\/li><li>Ser profesional con t\u00edtulo acad\u00e9mico expedido por una Instituci\u00f3n de Educaci\u00f3n Superior y desempe\u00f1ar en la Universidad del Valle un cargo por nombramiento, como profesional.<\/li><li>Ser beneficiario por sustituci\u00f3n de un jubilado o pensionado que haya tenido la calidad de asociado al momento de su muerte, siempre y cuando el beneficiario cumpla con los dem\u00e1s requisitos para ser asociado, estipulados en los siguientes numerales de este art\u00edculo y, si antes fue asociado, que no haya sido excluido en los \u00faltimos tres a\u00f1os.<\/li><\/ul>\t\t\t\t\t\t\t\t<\/div>\n\t\t\t\t<\/div>\n\t\t\t\t\t<\/div>\n\t\t\t\t<\/div>\n\t\t<div class=\"elementor-element elementor-element-f91e423 e-flex e-con-boxed e-con e-parent\" data-id=\"f91e423\" data-element_type=\"container\" data-e-type=\"container\" data-settings=\"{&quot;_ha_eqh_enable&quot;:false}\">\n\t\t\t\t\t<div class=\"e-con-inner\">\n\t\t<div class=\"elementor-element elementor-element-f4e683c e-con-full e-flex e-con e-child\" data-id=\"f4e683c\" data-element_type=\"container\" data-e-type=\"container\" data-settings=\"{&quot;background_background&quot;:&quot;classic&quot;,&quot;_ha_eqh_enable&quot;:false}\">\n\t\t\t\t<div class=\"elementor-element elementor-element-fcf8204 elementor-widget elementor-widget-text-editor\" data-id=\"fcf8204\" data-element_type=\"widget\" data-e-type=\"widget\" data-widget_type=\"text-editor.default\">\n\t\t\t\t\t\t\t\t\t<p>Adem\u00e1s, se debe tener en cuenta que podr\u00e1n continuar como asociados aquellos que se encuentren en los siguientes casos:<\/p><ol start=\"1\"><li>Quien siendo asociado de <strong>FONVALLE<\/strong> adquiera la calidad de jubilado o pensionado.<\/li><li>Quien habiendo permanecido asociado a <strong>FONVALLE<\/strong> por cinco (5) a\u00f1os o m\u00e1s, se desvincule de la Universidad del Valle.<\/li><li>Quien, sin cumplir el requisito de los cinco (5) a\u00f1os como asociado, se desvincule de la Universidad del Valle por un per\u00edodo no mayor a diez y ocho (18) meses.<\/li><\/ol>\t\t\t\t\t\t\t\t<\/div>\n\t\t\t\t<\/div>\n\t\t\t\t\t<\/div>\n\t\t\t\t<\/div>\n\t\t\t\t<\/div>\n\t\t","protected":false},"excerpt":{"rendered":"<p>Para ser asociado de Fonvalle, se requiere: Ser persona natural Presentar\u00a0 solicitud por escrito a la Junta Directiva con la informaci\u00f3n que \u00e9sta solicite. Comprometerse a cancelar los aportes y a efectuar los ahorros que el Estatuto y los reglamentos determinen. Haber participado en el proceso de inducci\u00f3n que ofrece FONVALLE para los aspirantes a [&hellip;]<\/p>\n","protected":false},"author":1,"featured_media":0,"parent":0,"menu_order":0,"comment_status":"closed","ping_status":"closed","template":"","meta":{"_acf_changed":false,"footnotes":""},"class_list":["post-1016","page","type-page","status-publish","hentry"],"acf":[],"_links":{"self":[{"href":"https:\/\/fonvalle.com.co\/portal\/wp-json\/wp\/v2\/pages\/1016","targetHints":{"allow":["GET"]}}],"collection":[{"href":"https:\/\/fonvalle.com.co\/portal\/wp-json\/wp\/v2\/pages"}],"about":[{"href":"https:\/\/fonvalle.com.co\/portal\/wp-json\/wp\/v2\/types\/page"}],"author":[{"embeddable":true,"href":"https:\/\/fonvalle.com.co\/portal\/wp-json\/wp\/v2\/users\/1"}],"replies":[{"embeddable":true,"href":"https:\/\/fonvalle.com.co\/portal\/wp-json\/wp\/v2\/comments?post=1016"}],"version-history":[{"count":28,"href":"https:\/\/fonvalle.com.co\/portal\/wp-json\/wp\/v2\/pages\/1016\/revisions"}],"predecessor-version":[{"id":9054,"href":"https:\/\/fonvalle.com.co\/portal\/wp-json\/wp\/v2\/pages\/1016\/revisions\/9054"}],"wp:attachment":[{"href":"https:\/\/fonvalle.com.co\/portal\/wp-json\/wp\/v2\/media?parent=1016"}],"curies":[{"name":"wp","href":"https:\/\/api.w.org\/{rel}","templated":true}]}}